 by 58.
8
What is the remainder when 811 is divided by 385?
41
What is the remainder when 347 is divided by 7?
4
Calculate the remainder when 129 is divided by 26.
25
What is the remainder when 64 is divided by 59?
5
What is the remainder when 50 is divided by 25?
0
Calculate the remainder when 72 is divided by 47.
25
What is the remainder when 381 is divided by 293?
88
Calculate the remainder when 526 is divided by 12.
10
What is the remainder when 187 is divided by 33?
22
Calculate the remainder when 322 is divided by 170.
152
What is the remainder when 1346 is divided by 239?
151
What is the remainder when 114 is divided by 44?
26
What is the remainder when 274 is divided by 143?
131
Calculate the remainder when 1007 is divided by 237.
59
Calculate the remainder when 499 is divided by 72.
67
What is the remainder when 360 is divided by 59?
6
What is the remainder when 48 is divided by 31?
17
What is the remainder when 42 is divided by 9?
6
What is the remainder when 2063 is divided by 39?
35
Calculate the remainder when 18599 is divided by 124.
123
Calculate the remainder when 40 is divided by 11.
7
Calculate the remainder when 283 is divided by 280.
3
Calculate the remainder when 1384 is divided by 77.
75
What is the remainder when 1443 is divided by 316?
179
What is the remainder when 73 is divided by 47?
26
Calculate the remainder when 8158 is divided by 17.
15
What is the remainder when 11439 is divided by 88?
87
What is the remainder when 701 is divided by 236?
229
What is the remainder when 858 is divided by 27?
21
What is the remainder when 379 is divided by 64?
59
What is the remainder when 1069 is divided by 527?
15
Calculate the remainder when 103 is divided by 41.
21
What is the remainder when 1120 is divided by 552?
16
What is the remainder when 220 is divided by 28?
24
What is the remainder when 309 is divided by 12?
9
What is the remainder when 275 is divided by 70?
65
Calculate the remainder when 813 is divided by 167.
145
What is the remainder when 63 is divided by 22?
19
What is the remainder when 69 is divided by 19?
12
Calculate the remainder when 3443 is divided by 41.
40
What is the remainder when 679 is divided by 114?
109
Calculate the remainder when 372 is divided by 48.
36
Calculate the remainder when 483 is divided by 124.
111
What is the remainder when 1157 is divided by 239?
201
What is the remainder when 306 is divided by 44?
42
Calculate the remainder when 1630 is divided by 32.
30
What is the remainder when 24 is divided by 4?
0
Calculate the remainder when 156 is divided by 35.
16
Calculate the remainder when 312 is divided by 79.
75
What is the remainder when 31 is divided by 5?
1
What is the remainder when 356 is divided by 142?
72
What is the remainder when 1193 is divided by 451?
291
Calculate the remainder when 209 is divided by 23.
2
Calculate the remainder when 452 is divided by 7.
4
Calculate the remainder when 155 is divided by 41.
32
What is the remainder when 42 is divided by 12?
6
What is the remainder when 371 is divided by 12?
11
What is the remainder when 177 is divided by 126?
51
Calculate the remainder when 147 is divided by 31.
23
What is the remainder when 90 is divided by 50?
40
Calculate the remainder when 557 is divided by 40.
37
What is the remainder when 19114 is divided by 12?
10
What is the remainder when 4389 is divided by 23?
19
Calculate the remainder when 33663 is divided by 257.
253
What is the remainder when 37 is divided by 15?
7
What is the remainder when 1722 is divided by 75?
72
What is the remainder when 576 is divided by 116?
112
What is the remainder when 170 is divided by 109?
61
Calculate the remainder when 230 is divided by 33.
32
What is the remainder when 6528 is divided by 109?
97
What is the remainder when 732 is divided by 729?
3
What is the remainder when 57 is divided by 27?
3
What is the remainder when 141 is divided by 72?
69
What is the remainder when 3700 is divided by 739?
5
What is the remainder when 49 is divided by 14?
7
Calculate the remainder when 971 is divided by 75.
71
Calculate the remainder when 1491 is divided by 383.
342
Calculate the remainder when 1757 is divided by 117.
2
What is the remainder when 188 is divided by 9?
8
Calculate the remainder when 82 is divided by 3.
1
Calculate the remainder when 193 is divided by 88.
17
What is the remainder when 608 is divided by 122?
120
Calculate the remainder when 524 is divided by 33.
29
What is the remainder when 3442 is divided by 42?
40
Calculate the remainder when 99 is divided by 34.
31
What is the remainder when 136 is divided by 41?
13
What is the remainder when 1120 is divided by 23?
16
What is the remainder when 127 is divided by 45?
37
What is the remainder when 432 is divided by 35?
12
What is the remainder when 123 is divided by 29?
7
What is the remainder when 4765 is divided by 13?
7
Calculate the remainder when 3650 is divided by 11.
9
What is the remainder when 351 is divided by 162?
27
Calculate the remainder when 148 is divided by 37.
0
Calculate the remainder when 586 is divided by 125.
86
What is the remainder when 350 is divided by 27?
26
Calculate the remainder when 231 is divided by 75.
6
What is the remainder when 567 is divided by 15?
12
Calculate the remainder when 86 is divided by 26.
8
What is the remainder when 173 is divided by 10?
3
What is the remainder when 2542 is divided by 845?
7
Calculate the remainder when 1635 is divided by 22.
7
What is the remainder when 2401 is divided by 70?
21
What is the remainder when 250 is divided by 85?
80
What is the remainder when 142 is divided by 20?
2
Calculate the remainder when 356 is divided by 58.
8
What is the remainder when 3825 is divided by 33?
30
What is the remainder when 226 is divided by 93?
40
What is the remainder when 1231 is divided by 48?
31
What is the remainder when 1978 is divided by 46?
0
What is the remainder when 150 is divided by 139?
11
Calculate the remainder when 152 is divided by 140.
12
Calculate the remainder when 32 is divided by 10.
2
What is the remainder when 757 is divided by 152?
149
What is the remainder when 229 is divided by 76?
1
What is the remainder when 194 is divided by 39?
38
What is the remainder when 5180 is divided by 1290?
20
What is the remainder when 2098 is divided by 660?
118
What is the remainder when 1396 is divided by 200?
196
What is the remainder when 279 is divided by 8?
7
Calculate the remainder when 3907 is divided by 163.
158
Calculate the remainder when 1066 is divided by 89.
87
What is the remainder when 4763 is divided by 4763?
0
Calculate the remainder when 118 is divided by 49.
20
Calculate the remainder when 286 is divided by 24.
22
What is the remainder when 837 is divided by 29?
25
What is the remainder when 594 is divided by 85?
84
Calculate the remainder when 728 is divided by 2.
0
Calculate the remainder when 114 is divided by 57.
0
Calculate the remainder when 14726 is divided by 143.
140
Calculate the remainder when 53 is divided by 53.
0
Calculate the remainder when 6 is divided by 6.
0
Calculate the remainder when 70 is divided by 70.
0
Calculate the remainder when 102 is divided by 17.
0
What is the remainder when 370 is divided by 12?
10
What is the remainder when 52 is divided by 30?
22
What is the remainder when 167 is divided by 76?
15
What is the remainder when 5884 is divided by 71?
62
What is the remainder when 1789 is divided by 7?
4
What is the remainder when 269 is divided by 16?
13
Calculate the remainder when 1350 is divided by 52.
50
What is the remainder when 3805 is divided by 32?
29
What is the remainder when 623 is divided by 24?
23
Calculate the remainder when 5848 is divided by 16.
8
What is the remainder when 274 is divided by 41?
28
What is the remainder when 371 is divided by 34?
31
Calculate the remainder when 577 is divided by 114.
7
Calculate the remainder when 629 is divided by 42.
41
Calculate the remainder when 19141 is divided by 35.
31
What is the remainder when 569 is divided by 31?
11
Calculate the remainder when 160 is divided by 26.
4
Calculate the remainder when 158 is divided by 6.
2
Calculate the remainder when 141 is divided by 29.
25
Calculate the remainder when 416 is divided by 38.
36
Calculate the remainder